{"id":124,"date":"2023-08-08T08:19:05","date_gmt":"2023-08-08T08:19:05","guid":{"rendered":"https:\/\/constructiiecologice.ro\/materiale\/?page_id=124"},"modified":"2023-12-22T16:41:17","modified_gmt":"2023-12-22T16:41:17","slug":"inchiriaza-scule","status":"publish","type":"page","link":"https:\/\/constructiiecologice.ro\/materiale\/inchiriaza-scule\/","title":{"rendered":"\u00cenchiriaz\u0103 scule"},"content":{"rendered":"\n<p class=\"has-text-align-center\">\u00cen domeniul construc\u021biilor ecologice exist\u0103 c\u00e2teva scule, unelte specifice, care pot fi rare \u0219i scumpe (sau doar s\u0103 nu merite efortul financiar doar pentru construirea unei singure case).<\/p>\n\n\n\n<p class=\"has-text-align-center\"> Aceste scule pot ajuta foarte mult la construirea sau finisarea unei case ecologice. <\/p>\n\n\n\n<p class=\"has-text-align-center\">Aici putem aminti de exemplu o instala\u021bie pentru tencuit cu lut (lut propriu, de pe teren), kit pentru aplicarea Tadelakt-ului, instala\u021bie pentru tehnica \u201elight straw\u201d \u0219i multe altele. <\/p>\n\n\n\n<p class=\"has-text-align-center\">\u00cen acest loc, \u00eencerc\u0103m s\u0103 v\u0103 punem la dispozi\u021bie ceea ce putem \u0219i ceea ce avem la \u00eendem\u00e2n\u0103 \u00een momentul de fa\u021b\u0103. <\/p>\n\n\n\n<p class=\"has-text-align-center\">\u00cenchirierea se va face pe baza unui contract, cu plata unei garan\u021bii, care va fi \u00eenapoiat,  dac\u0103 produsele \u00eenchiriate vor fi returnate \u00een starea \u00een care au fost \u00eenchiriate.<\/p>\n\n\n\n<p>Iat\u0103 ce po\u021bi \u00eenchiria : <\/p>\n","protected":false},"excerpt":{"rendered":"<p>\u00cen domeniul construc\u021biilor ecologice exist\u0103 c\u00e2teva scule, unelte specifice, care pot fi rare \u0219i scumpe (sau doar s\u0103 nu merite efortul financiar doar pentru construirea unei singure case). Aceste scule pot ajuta foarte mult la construirea sau finisarea unei case ecologice. Aici putem aminti de exemplu o instala\u021bie pentru tencuit cu lut (lut propriu, de&hellip; <br \/> <a class=\"read-more\" href=\"https:\/\/constructiiecologice.ro\/materiale\/inchiriaza-scule\/\">Cite\u0219te mai mult<\/a><\/p>\n","protected":false},"author":1,"featured_media":0,"parent":0,"menu_order":0,"comment_status":"closed","ping_status":"closed","template":"","meta":{"footnotes":""},"class_list":["post-124","page","type-page","status-publish","hentry"],"_links":{"self":[{"href":"https:\/\/constructiiecologice.ro\/materiale\/wp-json\/wp\/v2\/pages\/124","targetHints":{"allow":["GET"]}}],"collection":[{"href":"https:\/\/constructiiecologice.ro\/materiale\/wp-json\/wp\/v2\/pages"}],"about":[{"href":"https:\/\/constructiiecologice.ro\/materiale\/wp-json\/wp\/v2\/types\/page"}],"author":[{"embeddable":true,"href":"https:\/\/constructiiecologice.ro\/materiale\/wp-json\/wp\/v2\/users\/1"}],"replies":[{"embeddable":true,"href":"https:\/\/constructiiecologice.ro\/materiale\/wp-json\/wp\/v2\/comments?post=124"}],"version-history":[{"count":4,"href":"https:\/\/constructiiecologice.ro\/materiale\/wp-json\/wp\/v2\/pages\/124\/revisions"}],"predecessor-version":[{"id":278,"href":"https:\/\/constructiiecologice.ro\/materiale\/wp-json\/wp\/v2\/pages\/124\/revisions\/278"}],"wp:attachment":[{"href":"https:\/\/constructiiecologice.ro\/materiale\/wp-json\/wp\/v2\/media?parent=124"}],"curies":[{"name":"wp","href":"https:\/\/api.w.org\/{rel}","templated":true}]}}